{"version":"1.0","provider_name":"CCOO CaixaBank (catal\u00e0)","provider_url":"https:\/\/www.ccoocaixabank.net\/ca","author_name":"Juan Morais","title":"Fi de l'adequaci\u00f3 progressiva? Les desigualtats continuen - CCOO CaixaBank (catal\u00e0)","type":"rich","width":600,"height":338,"html":"<blockquote class=\"wp-embedded-content\" data-secret=\"79ks0ISTCF\"><a href=\"https:\/\/www.ccoocaixabank.net\/ca\/ccoo\/p12952\/\">Fi de l&#8217;adequaci\u00f3 progressiva? Les desigualtats continuen<\/a><\/blockquote><iframe sandbox=\"allow-scripts\" security=\"restricted\" src=\"https:\/\/www.ccoocaixabank.net\/ca\/ccoo\/p12952\/embed\/#?secret=79ks0ISTCF\" width=\"600\" height=\"338\" title=\"&#8220;Fi de l&#8217;adequaci\u00f3 progressiva? Les desigualtats continuen&#8221; &#8212; CCOO CaixaBank (catal\u00e0)\" data-secret=\"79ks0ISTCF\" frameborder=\"0\" marginwidth=\"0\" marginheight=\"0\" scrolling=\"no\" class=\"wp-embedded-content\"><\/iframe><script>\n\/*! This file is auto-generated *\/\n!function(d,l){\"use strict\";l.querySelector&&d.addEventListener&&\"undefined\"!=typeof URL&&(d.wp=d.wp||{},d.wp.receiveEmbedMessage||(d.wp.receiveEmbedMessage=function(e){var t=e.data;if((t||t.secret||t.message||t.value)&&!\/[^a-zA-Z0-9]\/.test(t.secret)){for(var s,r,n,a=l.querySelectorAll('iframe[data-secret=\"'+t.secret+'\"]'),o=l.querySelectorAll('blockquote[data-secret=\"'+t.secret+'\"]'),c=new RegExp(\"^https?:$\",\"i\"),i=0;i<o.length;i++)o[i].style.display=\"none\";for(i=0;i<a.length;i++)s=a[i],e.source===s.contentWindow&&(s.removeAttribute(\"style\"),\"height\"===t.message?(1e3<(r=parseInt(t.value,10))?r=1e3:~~r<200&&(r=200),s.height=r):\"link\"===t.message&&(r=new URL(s.getAttribute(\"src\")),n=new URL(t.value),c.test(n.protocol))&&n.host===r.host&&l.activeElement===s&&(d.top.location.href=t.value))}},d.addEventListener(\"message\",d.wp.receiveEmbedMessage,!1),l.addEventListener(\"DOMContentLoaded\",function(){for(var e,t,s=l.querySelectorAll(\"iframe.wp-embedded-content\"),r=0;r<s.length;r++)(t=(e=s[r]).getAttribute(\"data-secret\"))||(t=Math.random().toString(36).substring(2,12),e.src+=\"#?secret=\"+t,e.setAttribute(\"data-secret\",t)),e.contentWindow.postMessage({message:\"ready\",secret:t},\"*\")},!1)))}(window,document);\n\/\/# sourceURL=https:\/\/www.ccoocaixabank.net\/ca\/wp-includes\/js\/wp-embed.min.js\n<\/script>\n","thumbnail_url":"https:\/\/www.ccoocaixabank.net\/ca\/wp-content\/uploads\/sites\/3\/2026\/04\/Fin-adequacion-progresiva-768x576.jpg","thumbnail_width":600,"thumbnail_height":450,"description":"Finalment ha acabat un dels processos m\u00e9s llargs, l'adequaci\u00f3 progressiva de la plantilla d'origen Bankia. Una not\u00edcia que hauria de tancar una etapa\u2026 per\u00f2 que obre una altra conversa pendent. Des de CCOO celebrem que aquest proc\u00e9s hagi arribat al final. Hem reclamat reiterades vegades l'avan\u00e7ament de l'adequaci\u00f3 progressiva i l'eliminaci\u00f3 de desigualtats sense resposta per part de la Direcci\u00f3. Han estat anys de transici\u00f3 en qu\u00e8 la plantilla ha demostrat, una vegada m\u00e9s, responsabilitat, comprom\u00eds i capacitat d'adaptaci\u00f3 en moments especialment complexos per a l'entitat. Un acord aconseguit en un entorn dif\u00edcil, que [&hellip;]"}

CCOO CaixaBank (català)

Fi de l'adequació progressiva? Les desigualtats continuen - CCOO CaixaBank (català)

<blockquote class="wp-embedded-content" data-secret="79ks0ISTCF"><a href="https://www.ccoocaixabank.net/ca/ccoo/p12952/">Fi de l&#8217;adequació progressiva? Les desigualtats continuen</a></blockquote><iframe sandbox="allow-scripts" security="restricted" src="https://www.ccoocaixabank.net/ca/ccoo/p12952/embed/#?secret=79ks0ISTCF" width="600" height="338" title="&#8220;Fi de l&#8217;adequació progressiva? Les desigualtats continuen&#8221; &#8212; CCOO CaixaBank (català)" data-secret="79ks0ISTCF" frameborder="0" marginwidth="0" marginheight="0" scrolling="no" class="wp-embedded-content"></iframe><script>
/*! This file is auto-generated */
!function(d,l){"use strict";l.querySelector&&d.addEventListener&&"undefined"!=typeof URL&&(d.wp=d.wp||{},d.wp.receiveEmbedMessage||(d.wp.receiveEmbedMessage=function(e){var t=e.data;if((t||t.secret||t.message||t.value)&&!/[^a-zA-Z0-9]/.test(t.secret)){for(var s,r,n,a=l.querySelectorAll('iframe[data-secret="'+t.secret+'"]'),o=l.querySelectorAll('blockquote[data-secret="'+t.secret+'"]'),c=new RegExp("^https?:$","i"),i=0;i<o.length;i++)o[i].style.display="none";for(i=0;i<a.length;i++)s=a[i],e.source===s.contentWindow&&(s.removeAttribute("style"),"height"===t.message?(1e3<(r=parseInt(t.value,10))?r=1e3:~~r<200&&(r=200),s.height=r):"link"===t.message&&(r=new URL(s.getAttribute("src")),n=new URL(t.value),c.test(n.protocol))&&n.host===r.host&&l.activeElement===s&&(d.top.location.href=t.value))}},d.addEventListener("message",d.wp.receiveEmbedMessage,!1),l.addEventListener("DOMContentLoaded",function(){for(var e,t,s=l.querySelectorAll("iframe.wp-embedded-content"),r=0;r<s.length;r++)(t=(e=s[r]).getAttribute("data-secret"))||(t=Math.random().toString(36).substring(2,12),e.src+="#?secret="+t,e.setAttribute("data-secret",t)),e.contentWindow.postMessage({message:"ready",secret:t},"*")},!1)))}(window,document);
//# sourceURL=https://www.ccoocaixabank.net/ca/wp-includes/js/wp-embed.min.js
</script>

Finalment ha acabat un dels processos més llargs, l'adequació progressiva de la plantilla d'origen Bankia. Una notícia que hauria de tancar una etapa… però que obre una altra conversa pendent. Des de CCOO celebrem que aquest procés hagi arribat al final. Hem reclamat reiterades vegades l'avançament de l'adequació progressiva i l'eliminació de desigualtats sense resposta per part de la Direcció. Han estat anys de transició en què la plantilla ha demostrat, una vegada més, responsabilitat, compromís i capacitat d'adaptació en moments especialment complexos per a l'entitat. Un acord aconseguit en un entorn difícil, que [&hellip;]
